 7) in base 11?
302
Convert 110 (base 3) to base 11.
11
What is -33004 (base 5) in base 2?
-100011001110
What is -b80 (base 12) in base 6?
-11440
526 (base 7) to base 2
100001001
What is 4a3 (base 15) in base 6?
4513
-405 (base 13) to base 7
-1662
Convert 12694 (base 12) to base 3.
1021112011
-3058 (base 13) to base 6
-50504
-506a (base 13) to base 9
-16163
What is -23023 (base 5) in base 15?
-743
What is 101100100101 (base 2) in base 9?
3820
What is -10253 (base 11) in base 5?
-434231
-7905 (base 14) to base 9
-31687
2033 (base 5) to base 15
12d
What is 4b9 (base 14) in base 5?
12242
What is 2d3 (base 15) in base 14?
344
What is 4405 (base 8) in base 15?
a3e
9092 (base 11) to base 8
27460
11210021 (base 3) to base 12
202a
What is 2252 (base 10) in base 2?
100011001100
30221122 (base 4) to base 16
ca5a
What is 726 (base 9) in base 7?
1503
What is -393 (base 10) in base 2?
-110001001
What is -3c (base 14) in base 10?
-54
What is 11101010010111 (base 2) in base 15?
469e
What is 2414 (base 8) in base 7?
3524
What is -3013322 (base 4) in base 16?
-31fa
Convert -121213 (base 6) to base 14.
-3c5b
Convert 70 (base 12) to base 2.
1010100
What is -16462 (base 7) in base 10?
-4699
2aa (base 14) to base 2
1000011110
What is -7072 (base 9) in base 3?
-21002102
What is -11010110110 (base 2) in base 13?
-a22
Convert -2301 (base 9) to base 5.
-23302
Convert 10305 (base 7) to base 3.
10111120
What is 261 (base 15) in base 7?
1402
Convert -34a7 (base 11) to base 5.
-121334
100100001110111 (base 2) to base 14
6a91
-1d06 (base 14) to base 16
-14b2
174 (base 15) to base 2
101001110
Convert -2db (base 15) to base 10.
-656
Convert 2892 (base 11) to base 9.
5105
Convert 226 (base 8) to base 16.
96
Convert 32223230 (base 4) to base 12.
2a978
Convert -4029 (base 11) to base 13.
-258c
Convert -22101 (base 4) to base 5.
-10112
3464 (base 9) to base 8
5011
33400 (base 5) to base 3
10020001
1012100110 (base 3) to base 2
101110000011111
615 (base 8) to base 9
481
Convert 1101110000 (base 2) to base 7.
2365
Convert -13 (base 10) to base 7.
-16
-54030 (base 6) to base 11
-5593
561 (base 8) to base 7
1035
What is -4d52 (base 14) in base 5?
-413341
-11112 (base 4) to base 5
-2332
Convert 106633 (base 7) to base 15.
5a3d
-533b (base 16) to base 13
-9910
Convert -1702 (base 8) to base 15.
-442
2202120 (base 4) to base 8
24230
-1000101 (base 4) to base 12
-2469
What is 3282 (base 9) in base 5?
34143
What is 951 (base 13) in base 12?
b03
Convert 17061 (base 8) to base 16.
1e31
Convert -5476 (base 12) to base 14.
-356a
45 (base 15) to base 9
72
What is 2169 (base 15) in base 5?
211244
1111111000010 (base 2) to base 9
12133
Convert -21202122 (base 3) to base 8.
-13034
Convert 20011 (base 4) to base 9.
634
706 (base 11) to base 7
2326
Convert 629 (base 11) to base 5.
11012
Convert 15616 (base 8) to base 16.
1b8e
Convert 228 (base 12) to base 14.
18c
Convert -481 (base 10) to base 7.
-1255
1546 (base 9) to base 15
536
What is -3420 (base 5) in base 4?
-13211
What is -10110011000 (base 2) in base 4?
-112120
What is -27 (base 13) in base 12?
-29
Convert 13057 (base 8) to base 3.
21210100
What is -2511 (base 13) in base 12?
-3059
1312215 (base 6) to base 14
1c243
Convert -343 (base 11) to base 7.
-1124
-360a (base 16) to base 13
-63b2
What is 55145 (base 7) in base 15?
4152
-7714 (base 16) to base 12
-15784
-16285 (base 10) to base 8
-37635
1312 (base 5) to base 11
179
Convert 297 (base 16) to base 4.
22113
Convert 47d (base 14) to base 5.
12040
What is -a26c (base 13) in base 3?
-1010201120
Convert -5439 (base 14) to base 8.
-34333
What is 9e1c (base 15) in base 6?
415200
9a86 (base 12) to base 6
211050
-1077a (base 12) to base 5
-1144323
What is 135300 (base 6) in base 15?
3c1c
-12240 (base 6) to base 13
-aa4
What is 67 (base 11) in base 2?
1001001
What is -1559a (base 12) in base 9?
-45401
25524 (base 6) to base 10
3868
Convert 417 (base 8) to base 10.
271
-22101 (base 5) to base 16
-5f6
46756 (base 8) to base 5
1114300
Convert -10220201 (base 4) to base 8.
-45041
Convert 401 (base 11) to base 15.
225
4c33 (base 16) to base 11
13724
Convert -464 (base 9) to base 10.
-382
What is 1153 (base 7) in base 16?
1ae
12132 (base 6) to base 5
24114
Convert 1c2b (base 14) to base 6.
35435
What is 518 (base 12) in base 4?
23210
What is 248 (base 15) in base 4?
20012
114222 (base 5) to base 6
31544
Convert 140323 (base 5) to base 9.
7747
20 (base 14) to base 6
44
2104 (base 9) to base 5
22133
-11b (base 16) to base 2
-100011011
b683 (base 12) to base 8
47003
-23054 (base 7) to base 15
-1b15
Convert 899 (base 13) to base 6.
10502
Convert -14a8 (base 15) to base 16.
-1151
-1282 (base 12) to base 11
-1652
-1da0 (base 16) to base 4
-1312200
What is 108 (base 11) in base 4?
2001
What is -131111 (base 4) in base 16?
-755
Convert -889 (base 10) to base 2.
-1101111001
22177 (base 9) to base 12
8637
Convert -a07 (base 12) to base 16.
-5a7
What is 8287 (base 13) in base 11?
125a7
Convert -1189 (base 16) to base 5.
-120424
What is -16834 (base 9) in base 14?
-4338
-3450 (base 10) to base 7
-13026
What is -12103 (base 4) in base 11?
-337
What is -401 (base 13) in base 8?
-1245
Convert -30268 (base 10) to base 5.
-1432033
-1200220 (base 3) to base 13
-744
-2135 (base 9) to base 13
-93b
Convert 40512 (base 8) to base 16.
414a
-1211202 (base 4) to base 16
-1962
What is -31827 (base 9) in base 6?
-241341
Convert 50306 (base 7) to base 15.
3908
-111 (base 14) to base 5
-1321
Convert -c73 (base 14) to base 16.
-995
-661 (base 9) to base 8
-1035
738 (base 14) to base 10
1422
What is -166d (base 16) in base 3?
-21212122
1618 (base 13) to base 15
e57
43b (base 13) to base 2
1011010110
518 (base 16) to base 7
3542
Convert -a94 (base 12) to base 2.
-11000010000
-17752 (base 8) to base 4
-1333222
-12212121 (base 3) to base 15
-1407
What is -4414 (base 6) in base 12?
-70a
What is 211200 (base 3) in base 9?
750
-2055 (base 10) to base 3
-2211010
8402 (base 9) to base 6
44302
101133 (base 6) to base 13
3882
What is -2c86 (base 14) in base 16?
-1f16
Convert -15015 (base 10) to base 12.
-8833
What is 2121 (base 6) in base 13?
2b0
Convert 23252 (base 11) to base 5.
2033244
1100001101000 (base 2) to base 11
4770
-4222 (base 10) to base 7
-15211
-4439 (base 11) to base 16
-16da
What is 1160 (base 16) in base 9?
6082
Convert 2a32 (base 14) to base 6.
54404
What is -10323 (base 4) in base 7?
-630
2042 (base 7) to base 11
5a1
Convert -5 (base 7) to base 5.
-10
What is -2201211 (base 3) in base 10?
-1993
What is -924 (base 14) in base 6?
-12152
230144 (base 5) to base 9
12182
34023 (base 5) to base 14
c28
Convert -101011000100 (base 2) to base 7.
-11015
Convert 444 (base 14) to base 9.
1137
What is -114204 (base 5) in base 6?
-31532
What is 31102 (base 4) in base 13?
505
What is -1726 (base 9) in base 11?
-aa0
What is -435c (base 14) in base 2?
-10110101111110
-33141 (base 6) to base 14
-1965
-22122211 (base 3) to base 13
-2b48
-10655 (base 7) to base 13
-1325
-8b1 (base 12) to base 4
-110011
What is 1c8 (base 16) in base 6?
2040
What is a56 (base 11) in base 2?
10011110111
What is 803 (base 13) in base 11?
1022
Convert 14334 (base 6) to base 12.
13aa
-5306 (base 11) to base 5
-211044
-10111011100101 (base 2) to base 14
-4537
-3100 (base 9) to base 15
-a13
What is -a (base 12) in base 7?
-13
Convert -1e94 (base 15) to base 4.
-1220020
Convert 1002011 (base 5) to base 16.
3e09
21234 (base 5) to base 10
1444
What is 58 (base 15) in base 5?
313
Convert b9 (base 16) to base 7.
353
Convert 10010000000100100 (base 2) to base 11.
50469
Convert -350 (base 11) to base 10.
-418
-3345 (base 6) to base 8
-1421
-4440 (base 6) to base 5
-13112
Convert 3472 (base 8) to base 13.
ac4
-341 (base 9) to base 14
-160
Convert -87b5 (base 16) to base 2.
-1000011110110101
What is -47648 (base 11) in base 9?
-114157
-412233 (base 5) to base 11
-a111
What is 204434 (base 6) in base 7?
66226
Convert -12001 (base 6) to base 13.
-a30
Convert -2433 (base 6) to base 11.
-4a3
-26513 (base 7) to base 13
-3314
Convert 45c (base 14) to base 5.
11431
Convert -15b06 (base 13) to base 16.
-a1c3
Convert 3213130 (base 4) to base 2.
11100111011100
Convert 251 (base 13) to base 2.
110010100
-252e (base 16) to base 11
-7173
-102111 (base 4) to base 10
-1173
Convert 1223